mon divisor of 242 and 50168294.
242
Calculate the highest common factor of 7909181 and 13573.
1939
What is the highest common divisor of 887506599 and 22239?
7413
Calculate the highest common factor of 187415236 and 73.
73
What is the greatest common factor of 890140 and 122660?
20
Calculate the greatest common divisor of 12368 and 486896.
16
What is the greatest common factor of 1777001 and 84587?
337
Calculate the greatest common factor of 16712622 and 75.
3
Calculate the greatest common factor of 128 and 88578736.
16
Calculate the greatest common factor of 6720 and 11593470.
210
What is the highest common divisor of 175115187 and 7254?
3627
Calculate the greatest common factor of 8747 and 23.
1
Calculate the highest common factor of 9 and 100799775.
9
Calculate the highest common divisor of 15614 and 215431.
211
Calculate the highest common divisor of 1299922 and 220796.
578
Calculate the greatest common divisor of 715 and 28123238.
143
What is the greatest common divisor of 107 and 8122?
1
Calculate the highest common divisor of 8621 and 364524.
37
What is the greatest common divisor of 65887 and 535131?
1607
Calculate the greatest common divisor of 1 and 960620.
1
Calculate the greatest common factor of 8211538 and 86.
86
What is the highest common factor of 3 and 11760267?
3
What is the greatest common factor of 1741207 and 3523?
13
What is the greatest common factor of 36788 and 31756?
68
Calculate the greatest common divisor of 6849448 and 168.
8
What is the greatest common factor of 5436698 and 865?
173
Calculate the highest common factor of 78002 and 129.
43
Calculate the highest common factor of 2793583 and 104.
13
Calculate the highest common divisor of 1401852 and 4692.
12
Calculate the highest common factor of 218130 and 80642.
1322
Calculate the greatest common divisor of 4680636 and 39388.
172
What is the highest common factor of 724 and 1549903?
181
What is the greatest common divisor of 3444432 and 4161?
219
What is the greatest common divisor of 1316 and 40670?
14
What is the greatest common factor of 5313 and 221991?
231
What is the greatest common divisor of 3972206 and 94073?
1057
What is the greatest common divisor of 552 and 48187162?
46
Calculate the greatest common factor of 19779 and 437.
19
Calculate the greatest common factor of 280836 and 14714838.
4842
Calculate the highest common factor of 220027 and 241669.
3607
Calculate the highest common divisor of 51 and 177650442.
51
Calculate the highest common divisor of 385566 and 303942.
1074
What is the highest common factor of 13328 and 8281516?
68
Calculate the highest common factor of 2511112 and 976.
8
Calculate the highest common divisor of 356874 and 1964634.
1218
What is the highest common factor of 14 and 16044371?
7
What is the highest common divisor of 1064594 and 11051?
43
What is the highest common divisor of 12363700 and 15?
5
What is the highest common factor of 28668 and 5388?
12
Calculate the greatest common factor of 135 and 5307579.
27
Calculate the greatest common factor of 6877687 and 883.
883
Calculate the greatest common divisor of 35280 and 6805680.
1680
What is the highest common factor of 233454 and 12423?
123
What is the greatest common divisor of 4598 and 174053?
11
Calculate the greatest common divisor of 28 and 2491006.
14
What is the greatest common divisor of 1000 and 178870?
10
Calculate the greatest common factor of 18 and 62841.
3
Calculate the greatest common factor of 15796 and 856108.
44
Calculate the highest common divisor of 4540 and 422974548.
908
Calculate the highest common factor of 6958 and 20834240.
994
What is the greatest common factor of 99 and 403684391?
11
Calculate the greatest common factor of 1748 and 365180.
76
What is the greatest common factor of 1199 and 1304413?
11
What is the highest common divisor of 58 and 151757?
29
Calculate the greatest common factor of 44864304 and 48.
48
What is the greatest common factor of 4151 and 69034?
7
What is the greatest common divisor of 234596 and 85212?
1052
Calculate the highest common factor of 77063 and 7490371.
763
Calculate the greatest common divisor of 87 and 42733878.
87
Calculate the highest common divisor of 3372758 and 522.
58
Calculate the highest common factor of 4403722 and 68496.
2854
Calculate the highest common factor of 2530 and 1520070.
230
What is the highest common divisor of 166720729 and 35623?
5089
What is the highest common divisor of 36057 and 2649129?
2121
Calculate the highest common factor of 40 and 1530125.
5
What is the highest common factor of 8247368 and 46775?
1871
Calculate the highest common factor of 1035 and 21803126.
23
What is the greatest common divisor of 17499 and 21359832?
921
What is the greatest common divisor of 35 and 48844040?
35
What is the greatest common factor of 6 and 2223747?
3
What is the highest common divisor of 450112 and 2069866?
1082
What is the highest common factor of 4547674 and 1253?
179
What is the greatest common divisor of 70156290 and 210?
30
Calculate the highest common factor of 328 and 10260578.
82
Calculate the highest common divisor of 17784 and 910404.
684
Calculate the greatest common factor of 4 and 76192.
4
What is the greatest common factor of 8054552 and 3872?
88
What is the highest common factor of 149609880 and 35?
35
What is the highest common divisor of 1262688 and 53109?
21
What is the greatest common divisor of 12 and 156323520?
12
Calculate the greatest common factor of 28 and 8047823.
7
Calculate the greatest common divisor of 17949 and 94023.
93
Calculate the greatest common divisor of 1921 and 427771.
17
Calculate the greatest common divisor of 1739615 and 85.
5
What is the greatest common factor of 27983144 and 26912?
232
What is the highest common factor of 35 and 7797545?
35
What is the greatest common divisor of 118304 and 22888?
8
What is the greatest common factor of 306402 and 112668?
1374
What is the highest common factor of 130227 and 147486?
1569
What is the highest common divisor of 412845 and 363?
3
Calculate the highest common factor of 11 and 25048437.
1
Calculate the highest common divisor of 518 and 125757709.
259
What is the highest common factor of 1061567317 and 62?
31
Calculate the greatest common factor of 10240987 and 85.
17
Calculate the highest common divisor of 11188480 and 12.
4
What is the greatest common factor of 4227306 and 48?
6
Calculate the greatest common divisor of 26477488 and 257024.
4016
Calculate the greatest common divisor of 90568 and 704.
8
Calculate the highest common divisor of 6788489 and 12337.
73
What is the highest common divisor of 146470 and 588790?
970
What is the highest common divisor of 719082 and 281838?
2634
What is the highest common divisor of 1481312 and 11662?
238
Calculate the greatest common factor of 13018104 and 176.
88
Calculate the greatest common factor of 18695120 and 80.
80
What is the highest common divisor of 5587180 and 34695?
1285
What is the highest common divisor of 3213102 and 18?
6
Calculate the greatest common divisor of 21378716 and 155.
31
What is the highest common factor of 8244424 and 6136?
472
What is the greatest common divisor of 185224100 and 200?
100
What is the greatest common divisor of 20368 and 2427896?
152
What is the highest common divisor of 57750 and 1794?
6
Calculate the greatest common factor of 88553767 and 1093.
1093
What is the greatest common divisor of 220846 and 6256?
46
What is the greatest common divisor of 2224 and 16246598?
278
What is the highest common divisor of 3840 and 1968800?
160
What is the greatest common factor of 108177 and 3343377?
1011
Calculate the greatest common divisor of 18042201 and 32445.
927
Calculate the greatest common divisor of 1725977 and 94600.
473
What is the highest common factor of 75012 and 632667?
987
What is the greatest common divisor of 8851 and 1914837?
53
Calculate the greatest common divisor of 1111325 and 75.
25
Calculate the greatest common factor of 163153 and 255037.
589
What is the highest common factor of 2863022647 and 158?
79
What is the highest common factor of 85 and 895270?
5
Calculate the highest common factor of 350902 and 7144.
94
Calculate the highest common divisor of 18524 and 82696188.
1684
Calculate the highest common 